12626
632285 (base 14) to base 11
19875a9
What is 2216065 (base 7) in base 10?
273418
8528a (base 11) to base 10
124123
2056302 (base 7) to base 13
89751
-4304200430 (base 5) to base 16
-8a2438
-917368 (base 10) to base 7
-10540354
4d2345 (base 14) to base 11
1555140
Convert ec58e (base 16) to base 8.
3542616
What is -2011022320 (base 4) in base 11?
-3428a7
Convert -1518 (base 15) to base 13.
-209c
-14853488 (base 10) to base 14
-1d89116
-201123210223 (base 4) to base 11
-4a46322
Convert -21000c (base 16) to base 9.
-4055600
Convert -2878c (base 15) to base 12.
-63259
What is 101420101 (base 5) in base 12?
1830a2
What is 28b704 (base 14) in base 10?
1414536
101100100101110111111 (base 2) to base 14
2a0703
What is -110000001011011 (base 2) in base 11?
-17595
-51281 (base 12) to base 2
-11001110101000001
1108185 (base 11) to base 9
3581845
49128 (base 11) to base 9
116868
Convert -1111db (base 14) to base 3.
-1002102202021
-1245542 (base 7) to base 12
-7a2b5
-309724 (base 12) to base 5
-143404314
16072752 (base 8) to base 3
20221222201112
What is 30742 (base 10) in base 15?
9197
-101402043 (base 5) to base 7
-3363433
What is -cba743 (base 13) in base 12?
-17317bb
What is -20351250 (base 6) in base 5?
-122334443
What is 21506435 (base 7) in base 6?
103401402
-74281 (base 9) to base 7
-263041
9bb68 (base 12) to base 11
131821
What is -1001111101110100110 (base 2) in base 8?
-1175646
What is 42850 (base 14) in base 13?
58256
Convert -9d9555 (base 15) to base 7.
-120645044
405284 (base 16) to base 7
50554610
-1210111212112 (base 3) to base 4
-3221020100
13691b (base 12) to base 13
b3b82
Convert 6166905 (base 10) to base 11.
3532318
Convert -61567 (base 9) to base 4.
-21321301
What is -25bb68 (base 12) in base 11?
-39536a
What is 1320151 (base 6) in base 11?
4a63a
What is -144188 (base 15) in base 14?
-1b582c
2421064 (base 9) to base 11
817515
Convert -179417 (base 11) to base 14.
-72839
Convert -664b2 (base 12) to base 6.
-2523142
What is 5035200 (base 7) in base 13?
17bb12
Convert 443611 (base 7) to base 14.
206b1
What is 247334 (base 11) in base 9?
654448
Convert 5192358 (base 10) to base 3.
100202210120120
Convert 11022022002020 (base 3) to base 16.
22ede0
What is 83846 (base 12) in base 14?
46ad8
1013122210 (base 4) to base 10
292516
What is 180109 (base 12) in base 8?
1452231
Convert 23213 (base 12) to base 13.
184b3
What is -1923017 (base 11) in base 7?
-36442536
What is 124013063 (base 7) in base 16?
785486
5080341 (base 11) to base 13
1b2336b
Convert 1143279 (base 10) to base 7.
12501114
What is 2400760 (base 12) in base 3?
111010000211000
-312002113 (base 6) to base 16
-5296dd
What is 265642 (base 7) in base 3?
2112200001
What is bd717 (base 14) in base 15?
912cb
15a45 (base 11) to base 7
122521
Convert -10665611 (base 10) to base 8.
-50537213
What is 3223111203 (base 4) in base 16?
eb563
What is 83b23 (base 13) in base 10?
236967
What is -5534 (base 11) in base 4?
-1302001
-11080 (base 16) to base 6
-1254544
What is -3323687 (base 9) in base 11?
-1010949
Convert -12221211011020 (base 3) to base 6.
-151502440
What is 101011101100101 (base 2) in base 16?
5765
What is 140146254 (base 7) in base 9?
18080730
202010011 (base 4) to base 3
21002101121
-111133232 (base 4) to base 9
-143688
What is -23a787 (base 12) in base 3?
-1002101020011
-c6511b (base 13) to base 15
-619390
Convert c2696 (base 13) to base 8.
1250147
What is 2144645 (base 7) in base 4?
1000103300
What is 2293c4 (base 16) in base 13?
614579
Convert -422d81 (base 14) to base 10.
-2236277
-1001100010110111101 (base 2) to base 15
-62a10
What is 11111010011001001000 (base 2) in base 5?
230304413
What is -201120122122 (base 3) in base 2?
-1011110000101101100
Convert -52104602 (base 8) to base 13.
-2399568
-a1e57a (base 15) to base 4
-131112021001
What is 212303332 (base 4) in base 3?
22002001221
Convert -220102122020 (base 3) to base 16.
-7566c
142a54 (base 11) to base 2
110110100100111010
-772c10 (base 14) to base 7
-46231620
4a0959 (base 12) to base 8
4457525
-44213010 (base 5) to base 4
-1131110233
Convert -21320312 (base 4) to base 2.
-1001111000110110
What is -142111344 (base 5) in base 8?
-2642055
Convert 69033b (base 13) to base 4.
21132301310
15300320 (base 6) to base 15
a9029
What is 400662 (base 8) in base 7?
1055254
Convert 1002212101202 (base 3) to base 12.
244248
What is -10001100011110000001 (base 2) in base 5?
-121402421
What is 2710d (base 15) in base 16?
1e8b9
What is 461032 (base 7) in base 14?
21c52
-120770 (base 9) to base 14
-1c761
Convert -102311032000 (base 4) to base 2.
-10010110101001110000000
Convert -110001010001011101111 (base 2) to base 4.
-12022023233
What is -24631364 (base 7) in base 3?
-11012002212012
What is -34303 (base 11) in base 8?
-140715
10a3518 (base 11) to base 6
105112512
What is a4c933 (base 13) in base 6?
214343405
Convert -2120201300 (base 4) to base 12.
-261668
Convert -57410 (base 13) to base 11.
-a9400
What is -2165732 (base 9) in base 2?
-100011100100011100010
Convert -31222201 (base 4) to base 12.
-28481
-1975ab (base 14) to base 11
-568134
Convert -2821475 (base 13) to base 15.
-11a8388
-1001000022022 (base 3) to base 16
-869b4
Convert 369a7 (base 13) to base 16.
188ab
Convert -12010111001211 (base 3) to base 11.
-15a1a12
6201223 (base 12) to base 3
1021122121110200
-102000121021 (base 3) to base 6
-4352224
Convert 110101101011011 (base 2) to base 5.
1334413
-9752a (base 14) to base 13
-ca767
-280787 (base 9) to base 11
-107716
Convert 54305 (base 7) to base 5.
413104
Convert 11010110110001110100 (base 2) to base 3.
1122200202200
Convert 2110022011222 (base 3) to base 14.
25d856
320123000 (base 4) to base 11
1486a5
-2571865 (base 9) to base 7
-14642432
120020021210 (base 3) to base 4
1021030311
-1111000101100000001 (base 2) to base 11
-308448
Convert -100131a (base 11) to base 2.
-110110000111011011100
Convert -5342473 (base 8) to base 6.
-50325151
What is 528c5c (base 14) in base 13?
7690b5
What is -643126 (base 10) in base 16?
-9d036
Convert -20020211002201 (base 3) to base 7.
-40146424
What is 2330113233 (base 5) in base 9?
11003116
Convert -25c4a0 (base 15) to base 11.
-10294a9
What is 305048 (base 14) in base 12?
665848
What is 4021335 (base 6) in base 12?
9184b
What is 7022364 (base 8) in base 7?
21451313
What is -218841 (base 9) in base 16?
-20068
What is -114210213 (base 5) in base 16?
-83647
a4921 (base 11) to base 5
14342341
What is -2b753 (base 13) in base 5?
-10120130
62d99 (base 15) to base 9
527120
240053 (base 8) to base 9
134380
Convert -39067 (base 10) to base 3.
-1222120221
-31103131303 (base 4) to base 15
-48d56d
700563 (base 8) to base 15
48117
-31121230000 (base 4) to base 9
-6544041
-3503246 (base 9) to base 14
-3736bd
What is -6041520 (base 8) in base 4?
-12010031100
What is -133333351 (base 6) in base 2?
-1010010000000110100011
Convert -14532 (base 13) to base 8.
-112533
Convert -10333030 (base 6) to base 7.
-2421300
Convert bc8a25 (base 13) to base 8.
20754054
What is -1331136 (base 8) in base 16?
-5b25e
-770a56 (base 11) to base 12
-4b454b
Convert -258 (base 16) to base 6.
-2440
Convert -31c6ca (base 13) to base 15.
-1819de
What is -35ae1 (base 16) in base 11?
-140215
-24214244 (base 6) to base 12
-30a384
What is -100220323102 (base 4) in base 12?
-156432a
What is -111011001 (base 3) in base 15?
-2c91
Convert 26e82c (base 16) to base 8.
11564054
-122021110121 (base 3) to base 5
-41340204
What is -3442243 (base 5) in base 7?
-346223
What is 100513314 (base 6) in base 9?
3212141
Convert -201401422 (base 5) to base 12.
-330638
Convert 97623 (base 16) to base 4.
2113120203
What is -a1539 (base 12) in base 11?
-133736
-10021022210 (base 3) to base 13
-23400
Convert -17023454 (base 8) to base 2.
-1111000010011100101100
Convert 1038012 (base 11) to base 4.
12331311201
What is -1001121120211 (base 3) in base 8?
-2114017
5161 (base 7) to base 3
2110221
What is -754c7c (base 16) in base 11?
-4380638
4e5e7e (base 15) to base 14
700842
Convert 202012 (base 3) to base 12.
395
Convert -144232 (base 6) to base 2.
-11011001011100
-13209 (base 14) to base 13
-18552
Convert -24c13 (base 13) to base 16.
-10972
-13444203 (base 5) to base 16
-22509
-21602260 (base 7) to base 6
-104000431
-1020000212101 (base 3) to base 4
-21